nd f.
31
Let v = 215 + -134. Let n = -108 - -117. Calculate the highest common divisor of n and v.
9
Let g(o) = o**2 - 2*o - 3*o**2 + 0*o**2 + 3*o**2. Let m be g(-4). Let p be -2 - ((-2)/6 - (-539)/(-21)). What is the highest common factor of p and m?
24
Suppose 2*v + 402 = 8*v. Suppose 5*j + 13 - 2 = a, v = 2*a - j. What is the greatest common divisor of 18 and a?
18
Let b be ((-165)/(-44))/((-3)/(-36)). What is the highest common factor of b and 30?
15
Let w be (-1 - 2)*(21/(-3) + 4). Calculate the greatest common factor of w and 162.
9
Suppose -d + 11 = 1. Let s(z) = z**3 - 10*z**2 + z + 1. Let x be s(d). What is the highest common factor of x and 55?
11
Let a = -50 + 52. Suppose a*c + 17 - 23 = 0. What is the highest common factor of 15 and c?
3
Suppose 0 = -29*g + 52590 + 22056. What is the greatest common factor of g and 99?
99
Suppose -3*f + 4 + 14 = -3*j, 4*j + 6 = f. Let x = -267 - -270. What is the highest common divisor of x and f?
3
Let x(f) = 3*f**2 - 5*f + 63. Let m be x(6). Calculate the greatest common factor of 6 and m.
3
Let g(m) = -m**3 - 7*m**2 + 10*m - 12. Let r(s) = -3*s**2 - 2*s - 1. Let v be r(-2). Let i be g(v). What is the greatest common divisor of i and 40?
20
Suppose 5*z + 60*l = 58*l + 1546, -1220 = -4*z + 4*l. Suppose 144 = 4*m - 32. What is the highest common factor of z and m?
44
Let m(g) = 26*g**3 - g**2 + 2*g - 1. Let h be m(1). Let a be 13*2*6/4. What is the greatest common divisor of a and h?
13
Let h = 5 - 9. Let y = 8 + h. Suppose 2*c + 2 - 12 = 0, y*p - 166 = 2*c. What is the highest common divisor of 66 and p?
22
Let c(v) = v**3 - 4*v**2 + 9. Let f be c(6). Suppose -3*q + 2*w + 124 = 8, -2*q + f = -5*w. What is the greatest common factor of q and 114?
38
Suppose -952 = -4*w + 2*a + 2*a, 5*a = -2*w + 476. Let g = -43 - -77. Calculate the greatest common factor of w and g.
34
Suppose 20*p + 20 = 80. Calculate the highest common divisor of p and 21.
3
Suppose -3*w + 7 = -2. Suppose -3*d + g - 6*g = 9, -w*g - 9 = 0. Let u be (d*(2 + 24))/2. Calculate the highest common factor of 13 and u.
13
Let v = 1228 + -1114. What is the highest common factor of v and 30?
6
Let k(z) = 2*z + 73. Let w be k(11). What is the greatest common factor of w and 15?
5
Let d(p) = -1518*p - 11. Let g be d(-2). Calculate the greatest common divisor of g and 11.
11
Let u(q) = -q**3 + 5*q**2 + 3*q - 10. Let t be u(6). Let f = 44 + t. Calculate the greatest common factor of f and 64.
16
Let j = -16 - -33. Let d = 456 - 320. What is the highest common divisor of j and d?
17
Suppose -18*y + 78 = -5*y. Calculate the highest common divisor of 108 and y.
6
Suppose -881 + 257 = -4*u. What is the greatest common factor of 208 and u?
52
Let p be 3 + 2 - (0 + 2). Suppose -10*o = -p*o - 1071. What is the greatest common factor of o and 9?
9
Let t be -4*(-5)/(-80) - (-18)/8. Let y be (-3 - (-8)/4)/(t/(-42)). Calculate the highest common factor of y and 14.
7
Suppose -4*i - 74 = -46. Let t(w) be the first derivative of 2*w**3/3 + 9*w**2/2 - w + 2. Let q be t(i). What is the greatest common divisor of q and 34?
34
Suppose -3*w = -3*r, -5*r + 28 = w + 10. Suppose 0 = -4*x + r + 33. Calculate the greatest common factor of x and 99.
9
Suppose 3*c - 342 = -5*o + 12, 375 = 3*c - 2*o. What is the greatest common divisor of c and 3?
3
Let x be ((64/(-10))/(-4))/(36/2790). Calculate the greatest common divisor of 12 and x.
4
Suppose -c = 4*x - 126, -4*c - 5 - 3 = 0. Let w = x - 20. What is the greatest common divisor of w and 84?
12
Let v = 1 - -7. Let t(m) = m**2 - 6*m + 1. Let r be t(-5). What is the highest common divisor of r and v?
8
Let g be (756/(-90))/(-6*1/20). What is the greatest common divisor of 77 and g?
7
Suppose -3*t = 2*t - 55. Let h be (-13734)/(-39) + 6/(-39). Let q be (4/(-8))/((-2)/h). What is the greatest common divisor of t and q?
11
Let o(b) = 11*b**2 + 11*b + 40. Let r be o(-5). What is the greatest common factor of 1430 and r?
130
Let f = -1672 + 639. Let q be (f + 4)*1*1/(-3). What is the greatest common divisor of 49 and q?
49
Suppose -3*k + b + 89 = 0, -3*k = -4*k - b + 31. What is the highest common factor of k and 18?
6
Suppose -71*o - 6930 + 38454 = 0. What is the greatest common factor of 12 and o?
12
Suppose p = -m - 3*m + 63, -5*p + 30 = m. Let n be -11*1/(-1)*m. What is the greatest common factor of 66 and n?
33
Let z(p) = p + 39. Let k be z(-25). Let a(o) = 3*o**2 - 2*o. Let q be a(3). What is the greatest common divisor of q and k?
7
Let j be -1 - ((-98)/21)/(-7)*-69. Calculate the highest common factor of j and 27.
9
Let a(o) = 76*o**2 - 5*o + 10. Let u be a(2). What is the highest common factor of 16 and u?
16
Let j be (-2 - -3)/(-1)*-3. Suppose 0 = -j*z - 2*b + 21, -z + 3*b = -0*z + 4. Let o = 7 - z. Calculate the greatest common divisor of o and 22.
2
Let u be ((-40)/(-15) - -2)*3. Let w = 164 + -157. Calculate the greatest common factor of w and u.
7
Let g be 451/9 + (-4)/36. Calculate the greatest common divisor of g and 60.
10
Let p = -24 + 28. Suppose 9*l = p*l + 150. What is the highest common divisor of l and 6?
6
Suppose -2*c + 5 + 45 = 0. Let v be (-1)/((1/(-47))/1). Let n = v - c. Calculate the greatest common divisor of n and 33.
11
Suppose 3*m - 5*x = -m + 62, -4*x - 60 = -4*m. Suppose 5*y = 57 + m. Calculate the highest common factor of y and 98.
14
Suppose 605 = 3*r - 5*p, 0 = 49*r - 45*r - p - 835. What is the greatest common divisor of r and 30?
30
Let k(b) = -b**2 + 13. Let o be k(-3). Let l be (40 + (5 - o))/1. What is the greatest common divisor of 205 and l?
41
Let r(f) = f**2 - 2*f + 96. Let k be (-1)/(-2)*(-5 + 5). Let b be r(k). What is the highest common divisor of b and 12?
12
Let n be (10/4 + -3)*42/(-7). What is the highest common divisor of n and 9?
3
Let o(u) = 5*u**3 - 4*u**2 - 4*u - 3. Let s be o(-2). Let t = -38 - s. Calculate the greatest common divisor of 117 and t.
13
Suppose 3*a - 2*u - 4 = 14, -52 = -5*a - 4*u. Let j(s) = s**2 + 41*s - 112. Let g be j(-44). Calculate the greatest common factor of g and a.
4
Let b be 8 - (4 - -4) - -1*162. Calculate the greatest common divisor of b and 90.
18
Suppose -3*p = -1 - 14. Suppose 0 = 2*b - p*q + 41, b - 4*q + 18 = -2*q. Let s be 209/44 - (-6)/b. What is the greatest common divisor of s and 16?
4
Let x be (35/2)/5*2. Let p = 257 + -510. Let f be p/(-184) - (-6)/(-16). Calculate the greatest common factor of f and x.
1
Suppose 0 = -3*r + 151 + 254. Suppose -r = -4*h + 65. Calculate the highest common factor of h and 25.
25
Suppose -2*n + 123 = 3*g, 2*n + 4*g + 18 = 142. What is the highest common divisor of 280 and n?
20
Let i(h) = h**2 + 7*h + 2. Let c be i(7). Suppose 16 = -3*t + c. What is the greatest common factor of t and 98?
14
Let c(y) = -3*y**3 + y**2 + 2. Suppose 4*o - 3*s = -0*o - 27, 5*s - 40 = 5*o. Let h be c(o). What is the highest common factor of 23 and h?
23
Suppose 0 = -2*w + 3*l + 66, -19*w - 2*l - 176 = -24*w. What is the highest common divisor of 9 and w?
9
Let c be (-13)/((3 - 2) + -2). Let r(f) = f**3 - 14*f**2 + 14*f - 12. Let i be r(c). What is the greatest common divisor of i and 9?
1
Let w = -1949 + 2135. Calculate the greatest common factor of w and 2139.
93
Suppose -2*q - 14 = 2*t, -3*q - 13 = -2*q + 3*t. Let o be (48/9)/q*-3. Suppose -g - 30 = -o*g. What is the greatest common factor of g and 4?
2
Let l(m) = -7*m**3 - 11*m**2 + 2*m + 6. Let n be l(-3). What is the greatest common divisor of n and 40?
10
Let q be ((-84)/(-6))/((-4)/(-8)). What is the greatest common divisor of 7 and q?
7
Let q(s) = 23*s - 247. Let v be q(11). Let o(f) = f**2 + 4*f + 4. Let z be o(-4). Let g be 12 + -1 - (z + -5). Calculate the highest common divisor of v and g.
6
Suppose -52 = -i - 4*w, -46 = -i + 4*w - 2. Suppose -i = -3*n + n. Suppose 14*b - 36 - 76 = 0. Calculate the greatest common factor of b and n.
8
Let z = -96 + 95. Suppose 20 = -l - 5*s - 3, 5*l = 4*s + 1. Let c be 55/(-22)*(l - z). Calculate the highest common factor of 35 and c.
5
Suppose 2*h + 2*n = -2*h - 790, 955 = -5*h + 4*n. Let i = -96 - h. Suppose 3*y - 93 = i. What is the greatest common divisor of y and 8?
8
Let z(s) = s**3 + 3*s**2 - 11*s - 14. Let o be z(-4). Suppose 0 = 13*l - o*l + 70. Suppose 9*k - 4*k = 35. What is the highest common factor of k